
What is the highest common divisor of 5 and 479975?
5
What is the highest common divisor of 4847 and 524?
131
Calculate the highest common divisor of 150494 and 376.
94
What is the greatest common factor of 1254 and 905806?
418
Calculate the greatest common divisor of 143748 and 108.
108
Calculate the highest common divisor of 9174 and 759.
33
What is the highest common factor of 139455 and 3375?
135
What is the greatest common divisor of 143 and 8632?
13
Calculate the highest common factor of 14123 and 580.
29
Calculate the highest common divisor of 8256228 and 122.
122
What is the greatest common divisor of 3724 and 81168?
76
What is the greatest common factor of 172725 and 282?
141
What is the greatest common divisor of 989 and 299?
23
What is the greatest common divisor of 3700 and 438820?
740
Calculate the greatest common divisor of 24245 and 455.
65
Calculate the greatest common factor of 1006 and 561851.
503
Calculate the greatest common divisor of 143 and 67535.
13
What is the greatest common factor of 69780 and 35?
5
Calculate the highest common factor of 11050 and 1275170.
2210
Calculate the highest common factor of 42 and 420392.
14
What is the highest common divisor of 12 and 104452?
4
What is the greatest common divisor of 238 and 79338?
14
What is the greatest common factor of 80865 and 9?
9
What is the highest common divisor of 28596 and 24?
12
Calculate the highest common divisor of 420021 and 826.
413
What is the highest common divisor of 429759 and 297?
297
Calculate the highest common factor of 27571 and 107143.
349
Calculate the greatest common divisor of 922278 and 10584.
294
What is the highest common divisor of 40320 and 860?
20
What is the greatest common factor of 138411 and 7267?
169
What is the highest common divisor of 363 and 901065?
33
Calculate the greatest common divisor of 585 and 75855.
195
What is the greatest common divisor of 59685 and 552?
69
What is the greatest common divisor of 43 and 13201?
43
What is the greatest common divisor of 332267 and 793?
793
Calculate the highest common factor of 43 and 126377.
43
Calculate the greatest common divisor of 3099732 and 4656.
1164
What is the greatest common divisor of 227 and 135973?
227
Calculate the greatest common divisor of 7386 and 78.
6
What is the greatest common factor of 7936 and 183768?
248
Calculate the greatest common divisor of 934576 and 80.
16
What is the greatest common divisor of 1728 and 187272?
216
What is the highest common factor of 46668 and 348?
12
What is the greatest common divisor of 3410 and 7812?
62
What is the highest common factor of 225 and 1291815?
45
What is the highest common divisor of 710017 and 154?
77
What is the greatest common factor of 339 and 1649913?
339
What is the greatest common factor of 71883 and 2499?
147
What is the greatest common factor of 77 and 973?
7
What is the greatest common factor of 22245 and 3?
3
Calculate the highest common divisor of 481 and 130351.
481
Calculate the highest common divisor of 73744 and 176.
176
Calculate the greatest common divisor of 63 and 3262.
7
Calculate the highest common factor of 962 and 4030.
26
Calculate the greatest common divisor of 158746 and 140.
14
Calculate the highest common factor of 2320 and 6160.
80
Calculate the highest common divisor of 35280 and 7245.
315
What is the greatest common divisor of 80964 and 18?
18
Calculate the highest common divisor of 82 and 10783.
41
Calculate the greatest common divisor of 11 and 218492.
1
What is the highest common divisor of 9884 and 308?
28
Calculate the greatest common factor of 2943330 and 210.
30
Calculate the greatest common factor of 14443 and 8282.
101
Calculate the greatest common divisor of 59 and 16789748.
59
What is the highest common factor of 3136 and 539?
49
What is the greatest common factor of 1881 and 1083?
57
Calculate the greatest common factor of 65 and 93470.
65
What is the highest common factor of 5780 and 3544?
4
What is the greatest common factor of 7440 and 42656?
496
What is the greatest common factor of 472400 and 2600?
200
Calculate the highest common factor of 87512 and 256.
8
What is the highest common divisor of 536 and 119260?
268
Calculate the greatest common factor of 19208 and 8.
8
Calculate the highest common divisor of 267914 and 970.
194
Calculate the highest common factor of 91624 and 3640.
104
Calculate the greatest common factor of 188 and 8145006.
94
What is the highest common factor of 1066 and 972725?
533
Calculate the highest common factor of 458435 and 45.
5
What is the greatest common divisor of 210 and 515634?
42
What is the highest common factor of 1164352 and 17402?
1582
Calculate the greatest common factor of 335442 and 74.
74
What is the greatest common divisor of 28 and 48596?
4
Calculate the highest common factor of 607 and 659809.
607
Calculate the greatest common divisor of 35182 and 392.
98
Calculate the greatest common divisor of 18592 and 952.
56
What is the highest common divisor of 240 and 3140?
20
What is the greatest common divisor of 354186 and 756?
378
What is the greatest common divisor of 153 and 33507?
153
Calculate the greatest common factor of 5550418 and 1370.
274
What is the highest common factor of 1100 and 5104?
44
What is the greatest common divisor of 3752804 and 266?
38
Calculate the highest common divisor of 69096 and 24.
24
What is the highest common factor of 62723 and 1?
1
What is the highest common divisor of 205 and 14595?
5
Calculate the greatest common factor of 531 and 38016.
9
Calculate the highest common divisor of 702 and 5724.
54
Calculate the greatest common divisor of 56327 and 5239.
31
What is the greatest common factor of 244518 and 40262?
982
What is the highest common divisor of 1625 and 16000?
125
What is the highest common divisor of 1192 and 824?
8
What is the highest common divisor of 70022 and 5966?
314
What is the greatest common factor of 1702 and 207?
23
What is the highest common factor of 322477 and 167?
167
What is the greatest common factor of 264 and 2181?
3
Calculate the greatest common divisor of 84 and 15300.
12
What is the greatest common divisor of 8 and 21342?
2
What is the greatest common factor of 2596 and 531?
59
Calculate the greatest common divisor of 828 and 670036.
92
What is the greatest common divisor of 288 and 308544?
96
Calculate the highest common divisor of 300 and 75880.
20
What is the greatest common factor of 36480 and 920?
40
Calculate the greatest common factor of 693 and 308.
77
Calculate the greatest common divisor of 194 and 689767.
97
Calculate the highest common factor of 40 and 211.
1
Calculate the highest common divisor of 491056 and 3008.
752
Calculate the highest common factor of 1705274 and 4962.
1654
What is the greatest common factor of 42 and 54654?
6
What is the greatest common divisor of 15378 and 50754?
66
What is the highest common factor of 1988 and 140?
28
Calculate the highest common factor of 2873545 and 155.
155
Calculate the highest common divisor of 775 and 700.
25
Calculate the highest common factor of 1403 and 3172.
61
Calculate the highest common divisor of 59173 and 188.
47
What is the greatest common divisor of 21330 and 1380?
30
Calculate the highest common factor of 70 and 15057.
7
Calculate the highest common divisor of 192156 and 402.
402
What is the greatest common divisor of 3256 and 24?
8
Calculate the greatest common divisor of 35 and 297500.
35
What is the highest common factor of 3636 and 388446?
606
What is the greatest common factor of 496 and 148862?
62
What is the greatest common factor of 41582 and 102?
34
Calculate the greatest common divisor of 17708 and 5126.
466
What is the greatest common factor of 16 and 6476?
4
What is the highest common divisor of 25280 and 512?
64
What is the greatest common divisor of 45 and 6135645?
15
Calculate the highest common factor of 989880 and 24.
24
What is the highest common divisor of 299358 and 18?
18
Calculate the highest common factor of 29877 and 30743.
433
What is the highest common factor of 1572 and 4098?
6
What is the greatest common divisor of 311 and 130309?
311
Calculate the greatest common divisor of 1110 and 96.
6
Calculate the greatest common divisor of 3747330 and 60.
30
What is the greatest 